{"id":4565,"date":"2023-10-31T17:42:17","date_gmt":"2023-10-31T20:42:17","guid":{"rendered":"https:\/\/smartmuscles.shop\/?post_type=product&#038;p=4565"},"modified":"2023-10-31T17:45:53","modified_gmt":"2023-10-31T20:45:53","slug":"xt-gold-protein","status":"publish","type":"product","link":"https:\/\/smartmuscles.shop\/?product=xt-gold-protein","title":{"rendered":"XT GOLD PROTEIN"},"content":{"rendered":"<p><img loading=\"lazy\" decoding=\"async\" class=\"alignnone size-medium wp-image-4566\" src=\"https:\/\/smartmuscles.shop\/wp-content\/uploads\/2023\/10\/prote-htn-macros-min-300x81.png\" alt=\"\" width=\"300\" height=\"81\" srcset=\"https:\/\/smartmuscles.shop\/wp-content\/uploads\/2023\/10\/prote-htn-macros-min-300x81.png 300w, https:\/\/smartmuscles.shop\/wp-content\/uploads\/2023\/10\/prote-htn-macros-min.png 402w\" sizes=\"(max-width: 300px) 100vw, 300px\" \/><\/p>\n","protected":false},"excerpt":{"rendered":"<ul>\n<li>Prote\u00edna de <b>Liberaci\u00f3n Progresiva<\/b><\/li>\n<li><b><\/b>Aumento de Fuerza y Potencia<\/li>\n<li>Incremento de Masa Muscular<\/li>\n<li>Ultra-Recuperaci\u00f3n Post-Entrenamiento<img loading=\"lazy\" decoding=\"async\" class=\"alignnone size-medium wp-image-4566\" src=\"https:\/\/smartmuscles.shop\/wp-content\/uploads\/2023\/10\/prote-htn-macros-min-300x81.png\" alt=\"\" width=\"300\" height=\"81\" srcset=\"https:\/\/smartmuscles.shop\/wp-content\/uploads\/2023\/10\/prote-htn-macros-min-300x81.png 300w, https:\/\/smartmuscles.shop\/wp-content\/uploads\/2023\/10\/prote-htn-macros-min.png 402w\" sizes=\"(max-width: 300px) 100vw, 300px\" \/><\/li>\n<\/ul>\n","protected":false},"featured_media":4567,"comment_status":"open","ping_status":"closed","template":"","meta":{"_uag_custom_page_level_css":"","site-sidebar-layout":"default","site-content-layout":"","ast-site-content-layout":"default","site-content-style":"default","site-sidebar-style":"default","ast-global-header-display":"","ast-banner-title-visibility":"","ast-main-header-display":"","ast-hfb-above-header-display":"","ast-hfb-below-header-display":"","ast-hfb-mobile-header-display":"","site-post-title":"","ast-breadcrumbs-content":"","ast-featured-img":"","footer-sml-layout":"","ast-disable-related-posts":"","theme-transparent-header-meta":"default","adv-header-id-meta":"","stick-header-meta":"","header-above-stick-meta":"","header-main-stick-meta":"","header-below-stick-meta":"","astra-migrate-meta-layouts":"set","ast-page-background-enabled":"default","ast-page-background-meta":{"desktop":{"background-color":"var(--ast-global-color-4)","background-image":"","background-repeat":"repeat","background-position":"center center","background-size":"auto","background-attachment":"scroll","background-type":"","background-media":"","overlay-type":"","overlay-color":"","overlay-opacity":"","overlay-gradient":""},"tablet":{"background-color":"","background-image":"","background-repeat":"repeat","background-position":"center center","background-size":"auto","background-attachment":"scroll","background-type":"","background-media":"","overlay-type":"","overlay-color":"","overlay-opacity":"","overlay-gradient":""},"mobile":{"background-color":"","background-image":"","background-repeat":"repeat","background-position":"center center","background-size":"auto","background-attachment":"scroll","background-type":"","background-media":"","overlay-type":"","overlay-color":"","overlay-opacity":"","overlay-gradient":""}},"ast-content-background-meta":{"desktop":{"background-color":"var(--ast-global-color-5)","background-image":"","background-repeat":"repeat","background-position":"center center","background-size":"auto","background-attachment":"scroll","background-type":"","background-media":"","overlay-type":"","overlay-color":"","overlay-opacity":"","overlay-gradient":""},"tablet":{"background-color":"var(--ast-global-color-5)","background-image":"","background-repeat":"repeat","background-position":"center center","background-size":"auto","background-attachment":"scroll","background-type":"","background-media":"","overlay-type":"","overlay-color":"","overlay-opacity":"","overlay-gradient":""},"mobile":{"background-color":"var(--ast-global-color-5)","background-image":"","background-repeat":"repeat","background-position":"center center","background-size":"auto","background-attachment":"scroll","background-type":"","background-media":"","overlay-type":"","overlay-color":"","overlay-opacity":"","overlay-gradient":""}}},"product_cat":[32],"product_tag":[36],"uagb_featured_image_src":{"full":["https:\/\/smartmuscles.shop\/wp-content\/uploads\/2023\/10\/proteina-HTN-isolatecasein-min.png",470,677,false],"thumbnail":["https:\/\/smartmuscles.shop\/wp-content\/uploads\/2023\/10\/proteina-HTN-isolatecasein-min-150x150.png",150,150,true],"medium":["https:\/\/smartmuscles.shop\/wp-content\/uploads\/2023\/10\/proteina-HTN-isolatecasein-min-208x300.png",208,300,true],"medium_large":["https:\/\/smartmuscles.shop\/wp-content\/uploads\/2023\/10\/proteina-HTN-isolatecasein-min.png",470,677,false],"large":["https:\/\/smartmuscles.shop\/wp-content\/uploads\/2023\/10\/proteina-HTN-isolatecasein-min.png",470,677,false],"1536x1536":["https:\/\/smartmuscles.shop\/wp-content\/uploads\/2023\/10\/proteina-HTN-isolatecasein-min.png",470,677,false],"2048x2048":["https:\/\/smartmuscles.shop\/wp-content\/uploads\/2023\/10\/proteina-HTN-isolatecasein-min.png",470,677,false],"mailpoet_newsletter_max":["https:\/\/smartmuscles.shop\/wp-content\/uploads\/2023\/10\/proteina-HTN-isolatecasein-min.png",470,677,false],"woocommerce_thumbnail":["https:\/\/smartmuscles.shop\/wp-content\/uploads\/2023\/10\/proteina-HTN-isolatecasein-min-300x300.png",300,300,true],"woocommerce_single":["https:\/\/smartmuscles.shop\/wp-content\/uploads\/2023\/10\/proteina-HTN-isolatecasein-min.png",470,677,false],"woocommerce_gallery_thumbnail":["https:\/\/smartmuscles.shop\/wp-content\/uploads\/2023\/10\/proteina-HTN-isolatecasein-min-100x100.png",100,100,true]},"uagb_author_info":{"display_name":"smartmuscles.shop","author_link":"https:\/\/smartmuscles.shop\/?author=0"},"uagb_comment_info":15,"uagb_excerpt":"Prote\u00edna de Liberaci\u00f3n Progresiva Aumento de Fuerza y Potencia Incremento de Masa Muscular Ultra-Recuperaci\u00f3n Post-Entrenamiento","_links":{"self":[{"href":"https:\/\/smartmuscles.shop\/index.php?rest_route=\/wp\/v2\/product\/4565"}],"collection":[{"href":"https:\/\/smartmuscles.shop\/index.php?rest_route=\/wp\/v2\/product"}],"about":[{"href":"https:\/\/smartmuscles.shop\/index.php?rest_route=\/wp\/v2\/types\/product"}],"replies":[{"embeddable":true,"href":"https:\/\/smartmuscles.shop\/index.php?rest_route=%2Fwp%2Fv2%2Fcomments&post=4565"}],"wp:featuredmedia":[{"embeddable":true,"href":"https:\/\/smartmuscles.shop\/index.php?rest_route=\/wp\/v2\/media\/4567"}],"wp:attachment":[{"href":"https:\/\/smartmuscles.shop\/index.php?rest_route=%2Fwp%2Fv2%2Fmedia&parent=4565"}],"wp:term":[{"taxonomy":"product_cat","embeddable":true,"href":"https:\/\/smartmuscles.shop\/index.php?rest_route=%2Fwp%2Fv2%2Fproduct_cat&post=4565"},{"taxonomy":"product_tag","embeddable":true,"href":"https:\/\/smartmuscles.shop\/index.php?rest_route=%2Fwp%2Fv2%2Fproduct_tag&post=4565"}],"curies":[{"name":"wp","href":"https:\/\/api.w.org\/{rel}","templated":true}]}}