{"id":4555,"date":"2023-10-31T17:38:20","date_gmt":"2023-10-31T20:38:20","guid":{"rendered":"https:\/\/smartmuscles.shop\/?post_type=product&#038;p=4555"},"modified":"2023-10-31T17:38:20","modified_gmt":"2023-10-31T20:38:20","slug":"platinum-whey-isolate","status":"publish","type":"product","link":"https:\/\/smartmuscles.shop\/?product=platinum-whey-isolate","title":{"rendered":"PLATINUM WHEY ISOLATE"},"content":{"rendered":"<p class=\"s-text8 p-t-10\">Suplemento dietario en polvo diet\u00e9tico para preparar bebida a base de aislado de prote\u00edna de suero l\u00e1cteo.<\/p>\n<p><span class=\"s-text8 m-r-35\">2LBS | 30 SERV. | 27G PROTE\u00cdNA X SERV.<br \/>\n0% SUGAR | 100% PURE WHEY PROTEIN ISOLATE | GRASS FED<\/span><\/p>\n","protected":false},"excerpt":{"rendered":"<p>Suplemento dietario en polvo diet\u00e9tico para preparar bebida a base de aislado de prote\u00edna de suero l\u00e1cteo. 2LBS | 30 SERV. | 27G PROTE\u00cdNA X SERV. 0% SUGAR | 100% PURE WHEY PROTEIN ISOLATE | GRASS FED<\/p>\n","protected":false},"featured_media":4560,"comment_status":"open","ping_status":"closed","template":"","meta":{"_uag_custom_page_level_css":"","site-sidebar-layout":"default","site-content-layout":"","ast-site-content-layout":"default","site-content-style":"default","site-sidebar-style":"default","ast-global-header-display":"","ast-banner-title-visibility":"","ast-main-header-display":"","ast-hfb-above-header-display":"","ast-hfb-below-header-display":"","ast-hfb-mobile-header-display":"","site-post-title":"","ast-breadcrumbs-content":"","ast-featured-img":"","footer-sml-layout":"","ast-disable-related-posts":"","theme-transparent-header-meta":"default","adv-header-id-meta":"","stick-header-meta":"","header-above-stick-meta":"","header-main-stick-meta":"","header-below-stick-meta":"","astra-migrate-meta-layouts":"set","ast-page-background-enabled":"default","ast-page-background-meta":{"desktop":{"background-color":"var(--ast-global-color-4)","background-image":"","background-repeat":"repeat","background-position":"center center","background-size":"auto","background-attachment":"scroll","background-type":"","background-media":"","overlay-type":"","overlay-color":"","overlay-opacity":"","overlay-gradient":""},"tablet":{"background-color":"","background-image":"","background-repeat":"repeat","background-position":"center center","background-size":"auto","background-attachment":"scroll","background-type":"","background-media":"","overlay-type":"","overlay-color":"","overlay-opacity":"","overlay-gradient":""},"mobile":{"background-color":"","background-image":"","background-repeat":"repeat","background-position":"center center","background-size":"auto","background-attachment":"scroll","background-type":"","background-media":"","overlay-type":"","overlay-color":"","overlay-opacity":"","overlay-gradient":""}},"ast-content-background-meta":{"desktop":{"background-color":"var(--ast-global-color-5)","background-image":"","background-repeat":"repeat","background-position":"center center","background-size":"auto","background-attachment":"scroll","background-type":"","background-media":"","overlay-type":"","overlay-color":"","overlay-opacity":"","overlay-gradient":""},"tablet":{"background-color":"var(--ast-global-color-5)","background-image":"","background-repeat":"repeat","background-position":"center center","background-size":"auto","background-attachment":"scroll","background-type":"","background-media":"","overlay-type":"","overlay-color":"","overlay-opacity":"","overlay-gradient":""},"mobile":{"background-color":"var(--ast-global-color-5)","background-image":"","background-repeat":"repeat","background-position":"center center","background-size":"auto","background-attachment":"scroll","background-type":"","background-media":"","overlay-type":"","overlay-color":"","overlay-opacity":"","overlay-gradient":""}}},"product_cat":[32],"product_tag":[35],"uagb_featured_image_src":{"full":["https:\/\/smartmuscles.shop\/wp-content\/uploads\/2023\/10\/TH_p_whey_isolate_01-min.jpg",320,427,false],"thumbnail":["https:\/\/smartmuscles.shop\/wp-content\/uploads\/2023\/10\/TH_p_whey_isolate_01-min-150x150.jpg",150,150,true],"medium":["https:\/\/smartmuscles.shop\/wp-content\/uploads\/2023\/10\/TH_p_whey_isolate_01-min-225x300.jpg",225,300,true],"medium_large":["https:\/\/smartmuscles.shop\/wp-content\/uploads\/2023\/10\/TH_p_whey_isolate_01-min.jpg",320,427,false],"large":["https:\/\/smartmuscles.shop\/wp-content\/uploads\/2023\/10\/TH_p_whey_isolate_01-min.jpg",320,427,false],"1536x1536":["https:\/\/smartmuscles.shop\/wp-content\/uploads\/2023\/10\/TH_p_whey_isolate_01-min.jpg",320,427,false],"2048x2048":["https:\/\/smartmuscles.shop\/wp-content\/uploads\/2023\/10\/TH_p_whey_isolate_01-min.jpg",320,427,false],"mailpoet_newsletter_max":["https:\/\/smartmuscles.shop\/wp-content\/uploads\/2023\/10\/TH_p_whey_isolate_01-min.jpg",320,427,false],"woocommerce_thumbnail":["https:\/\/smartmuscles.shop\/wp-content\/uploads\/2023\/10\/TH_p_whey_isolate_01-min-300x300.jpg",300,300,true],"woocommerce_single":["https:\/\/smartmuscles.shop\/wp-content\/uploads\/2023\/10\/TH_p_whey_isolate_01-min.jpg",320,427,false],"woocommerce_gallery_thumbnail":["https:\/\/smartmuscles.shop\/wp-content\/uploads\/2023\/10\/TH_p_whey_isolate_01-min-100x100.jpg",100,100,true]},"uagb_author_info":{"display_name":"smartmuscles.shop","author_link":"https:\/\/smartmuscles.shop\/?author=0"},"uagb_comment_info":9,"uagb_excerpt":"Suplemento dietario en polvo diet\u00e9tico para preparar bebida a base de aislado de prote\u00edna de suero l\u00e1cteo. 2LBS | 30 SERV. | 27G PROTE\u00cdNA X SERV. 0% SUGAR | 100% PURE WHEY PROTEIN ISOLATE | GRASS FED","_links":{"self":[{"href":"https:\/\/smartmuscles.shop\/index.php?rest_route=\/wp\/v2\/product\/4555"}],"collection":[{"href":"https:\/\/smartmuscles.shop\/index.php?rest_route=\/wp\/v2\/product"}],"about":[{"href":"https:\/\/smartmuscles.shop\/index.php?rest_route=\/wp\/v2\/types\/product"}],"replies":[{"embeddable":true,"href":"https:\/\/smartmuscles.shop\/index.php?rest_route=%2Fwp%2Fv2%2Fcomments&post=4555"}],"wp:featuredmedia":[{"embeddable":true,"href":"https:\/\/smartmuscles.shop\/index.php?rest_route=\/wp\/v2\/media\/4560"}],"wp:attachment":[{"href":"https:\/\/smartmuscles.shop\/index.php?rest_route=%2Fwp%2Fv2%2Fmedia&parent=4555"}],"wp:term":[{"taxonomy":"product_cat","embeddable":true,"href":"https:\/\/smartmuscles.shop\/index.php?rest_route=%2Fwp%2Fv2%2Fproduct_cat&post=4555"},{"taxonomy":"product_tag","embeddable":true,"href":"https:\/\/smartmuscles.shop\/index.php?rest_route=%2Fwp%2Fv2%2Fproduct_tag&post=4555"}],"curies":[{"name":"wp","href":"https:\/\/api.w.org\/{rel}","templated":true}]}}